 46010?
True
Does 3 divide 1303?
False
Does 48 divide 72624?
True
Is 17 a factor of 2873?
True
Is 11 a factor of 267?
False
Is 10823 a multiple of 19?
False
Does 11 divide 3829?
False
Is 6780 a multiple of 5?
True
Is 203 a multiple of 4?
False
Is 984 a multiple of 44?
False
Does 22 divide 572?
True
Does 85 divide 33122?
False
Is 4 a factor of 1696?
True
Does 14 divide 4144?
True
Does 157 divide 2910?
False
Does 106 divide 9057?
False
Is 12 a factor of 288?
True
Is 9 a factor of 32262?
False
Does 45 divide 1806?
False
Is 115 a factor of 8590?
False
Is 4602 a multiple of 78?
True
Is 6 a factor of 1188?
True
Is 3698 a multiple of 127?
False
Is 20 a factor of 17400?
True
Does 19 divide 418?
True
Is 14 a factor of 350?
True
Is 10 a factor of 390?
True
Does 14 divide 16309?
False
Is 17 a factor of 185?
False
Is 14 a factor of 6594?
True
Does 14 divide 518?
True
Is 5 a factor of 490?
True
Does 15 divide 9390?
True
Does 59 divide 708?
True
Does 10 divide 2820?
True
Does 14 divide 434?
True
Is 4428 a multiple of 38?
False
Is 7392 a multiple of 84?
True
Is 84 a factor of 496?
False
Does 3 divide 4610?
False
Is 6917 a multiple of 11?
False
Is 77244 a multiple of 12?
True
Does 15 divide 8526?
False
Does 36 divide 1360?
False
Is 52539 a multiple of 20?
False
Does 4 divide 15229?
False
Is 19067 a multiple of 54?
False
Is 27 a factor of 15154?
False
Does 6 divide 2186?
False
Does 191 divide 3820?
True
Is 3950 a multiple of 10?
True
Is 14 a factor of 476?
True
Is 23292 a multiple of 60?
False
Does 123 divide 25615?
False
Is 725 a multiple of 8?
False
Is 113 a factor of 13673?
True
Is 202 a multiple of 87?
False
Is 13259 a multiple of 243?
False
Does 23 divide 23?
True
Is 21 a factor of 3127?
False
Is 9 a factor of 9990?
True
Is 3712 a multiple of 89?
False
Is 16 a factor of 14848?
True
Does 9 divide 998?
False
Is 62764 a multiple of 284?
True
Is 2587 a multiple of 13?
True
Is 41457 a multiple of 13?
True
Is 30240 a multiple of 56?
True
Is 504 even?
True
Is 297 a multiple of 8?
False
Does 14 divide 2087?
False
Does 166 divide 15261?
False
Is 10 a factor of 10860?
True
Is 11064 a multiple of 12?
True
Is 361 a multiple of 19?
True
Does 109 divide 22088?
False
Is 56 a factor of 224?
True
Is 2709 even?
False
Is 1064 a multiple of 8?
True
Does 6 divide 4316?
False
Is 2873 a multiple of 17?
True
Does 53 divide 530?
True
Does 16 divide 4761?
False
Does 2 divide 2788?
True
Does 17 divide 64498?
True
Is 44 a factor of 2728?
True
Is 18 a factor of 450?
True
Is 21 a factor of 168?
True
Does 20 divide 27?
False
Is 40 a factor of 631?
False
Does 79 divide 6873?
True
Does 53 divide 47556?
False
Is 227 a factor of 65327?
False
Does 3 divide 72?
True
Does 13 divide 6097?
True
Is 63 a factor of 5544?
True
Is 6 a factor of 541?
False
Is 34 a factor of 74300?
False
Does 73 divide 5920?
False
Is 3120 a multiple of 12?
True
Is 544 a multiple of 22?
False
Is 90 a factor of 2340?
True
Is 1648 a multiple of 8?
True
Is 9127 a multiple of 43?
False
Is 15946 a multiple of 17?
True
Is 36 a factor of 15401?
False
Is 42319 a multiple of 67?
False
Is 194 a factor of 26966?
True
Is 1202 a multiple of 153?
False
Is 10005 a multiple of 8?
False
Does 12 divide 7488?
True
Is 16032 a multiple of 17?
False
Is 189 a factor of 48114?
False
Is 16 a factor of 648?
False
Is 5 a factor of 4897?
False
Does 254 divide 28022?
False
Is 10 a factor of 1180?
True
Is 20 a factor of 5171?
False
Is 190 a multiple of 3?
False
Is 46 a multiple of 2?
True
Is 2808 a multiple of 52?
True
Does 5 divide 23445?
True
Does 25 divide 30725?
True
Is 38318 a multiple of 29?
False
Is 3 a factor of 1045?
False
Is 60 a factor of 3720?
True
Is 5536 a multiple of 32?
True
Is 180 a multiple of 10?
True
Does 26 divide 1274?
True
Does 49 divide 1070?
False
Does 84 divide 623?
False
Does 45 divide 630?
True
Is 12 a factor of 512?
False
Does 6 divide 2418?
True
Is 1162 a multiple of 31?
False
Is 6 a factor of 2248?
False
Does 6 divide 131?
False
Does 134 divide 60730?
False
Does 139 divide 2224?
True
Is 11 a factor of 471?
False
Does 42 divide 714?
True
Does 26 divide 3172?
True
Is 5344 a multiple of 169?
False
Does 30 divide 701?
False
Does 51 divide 809?
False
Does 6 divide 17327?
False
Does 121 divide 11544?
False
Is 33 a factor of 3597?
True
Does 10 divide 240?
True
Is 2808 a multiple of 13?
True
Is 26 a factor of 260?
True
Is 1184 a multiple of 8?
True
Does 33 divide 8233?
False
Does 23 divide 15443?
False
Does 10 divide 23310?
True
Is 115 a factor of 5750?
True
Is 98 a factor of 79915?
False
Is 16 a factor of 780?
False
Does 23 divide 26901?
False
Does 137 divide 6461?
False
Is 13 a factor of 9309?
False
Does 18 divide 1092?
False
Is 105 a factor of 13755?
True
Does 41 divide 19629?
False
Does 30 divide 6720?
True
Is 58372 a multiple of 132?
False
Is 5 a factor of 292?
False
Does 34 divide 22576?
True
Is 5710 a multiple of 126?
False
Is 121 a factor of 5687?
True
Is 4218 a multiple of 18?
False
Is 234 a factor of 35334?
True
Does 4 divide 61217?
False
Is 30444 a multiple of 118?
True
Does 15 divide 4270?
False
Is 62 a factor of 1708?
False
Is 14 a factor of 1576?
False
Is 282 a multiple of 94?
True
Does 24 divide 2880?
True
Is 36 a multiple of 2?
True
Is 9 a factor of 1596?
False
Is 1924 a multiple of 52?
True
Does 61 divide 2781?
False
Is 16 a factor of 1920?
True
Does 102 divide 27964?
False
Is 23 a factor of 9626?
False
Is 714 a multiple of 34?
True
Is 16 a factor of 1213?
False
Does 95 divide 4304?
False
Is 322 a factor of 24472?
True
Is 87 a factor of 19488?
True
Does 9 divide 11347?
False
Is 58480 a multiple of 136?
True
Is 8 a factor of 1189?
False
Does 20 divide 1020?
True
Does 11 divide 21736?
True
Is 77471 a multiple of 183?
False
Is 3 a factor of 279?
True
Is 5097 a multiple of 142?
False
Is 3 a factor of 2288?
False
Is 9 a factor of 1061?
False
Does 22 divide 8492?
True
Does 79 divide 95116?
True
Is 11 a factor of 5368?
True
Is 1375 a multiple of 55?
True
Does 73 divide 13017?
False
Is 4296 a multiple of 14?
False
Is 3642 a multiple of 41?
False
Does 66 divide 127?
False
Is 11 a factor of 363?
True
Is 33460 a multiple of 14?
True
Is 2672 a multiple of 3?
False
Does 3 divide 2106?
True
Is 13 a factor of 9984?
True
Is 6 a factor of 168?
True
Does 18 divide 324?
True
Is 19 a factor of 5122?
False
Is 17341 a multiple of 10?
False
Does 12 divide 556?
False
Is 26040 a multiple of 10?
True
Does 50 divide 20928?
False
Is 9 a factor of 2349?
True
Is 23112 a multiple of 72?
True
Does 10 divide 530?
True
Is 1140 a multiple of 47?
False
Does 45 divide 17010?
True
Is 407 a multiple of 11?
True
Is 8240 a multiple of 5?
True
Is 14 a factor of 406?
True
Is 42240 a multiple of 44?
True
Is 684 a multiple of 38?
True
Does 23 divide 23782?
True
Is 495 a multiple of 45?
True
Does 41 divide 38335?
True
Does 5 divide 15982?
False
Is 32 a factor of 1504?
True
Is 6 a factor of 4736?
False
Does 19 divide 743?
False
Does 11 divide 1349?
False
Is 75 a factor of 1050?
True
Is 2604 a multiple of 14?
True
Does 16 divide 1382?
False
Is 90881 a multiple of 24?
False
Does 130 divide 23993?
False
Is 26 a factor of 1609?
False
Does 10 divide 173?
False
Is 22484 a multiple of 146?
True
Is 8 a factor of 2008?
True
Does 151 divide 4530?
True
Is 988 a multiple of 19?
True
Does 41 divide 820?
True
Is 18 a factor of 2214?
True
Is 24 a factor of 3792?
True
Is 593 a multiple of 74?
False
Is 5 a factor of 325?
True
Does 3 divide 1784?
False
Does 11 divide 1911?
False
Is 3 a factor of 429?
True
Is 22673 a multiple of 82?
False
Is 85650 a multiple of 15?
True
Is 29 a factor of 2088?
True
Is 54 a factor of 1032?
False
Is 108 a factor of 11448?
True
Does 80 divide 6219?
False
Is 6787 a multiple of 45?
False
Is 13 a factor of 11058?
False
Does 43 divide 3612?
True
Does 118 divide 34234?
False
Does 14 divide 2744?
True
Is 6 a factor of 1188?
True
Is 1876 a multiple of 14?
True
Does 42 divide 12518?
False
Does 11 divide 3113?
True
Is 67 a factor of 6231?
True
Is 102 a multiple of 17?
True
Does 17 divide 7235?
False
Does 14 divide 248?
False
Is 11 a factor of 69176?
False
Is 4648 a multiple of 7?
True
Does 81 divide 14000?
False
Is 9147 a multiple of 5?
False
Does 16 divide 754?
False
Is 65520 a multiple of 91?
True
Does 14 divide 616?
True
Does 6 divide 7608?
Tru